at is the tens digit of z?
4
Suppose 5*q - 2134 - 1643 = -o, -q + 2*o = -762. What is the hundreds digit of q?
7
Let r(i) = 17 - 19*i + 34*i + 15. What is the hundreds digit of r(12)?
2
Let v(p) = -4*p**3 + 2*p**2 + 3*p + 1. Let t be v(-1). What is the tens digit of 3540/26 + t/(-26)?
3
Let p(s) = 412*s + 190. What is the tens digit of p(9)?
9
Let y(h) = -h**2 - 27*h + 5. Let j be y(-19). Let c = -84 + j. What is the tens digit of c?
7
Suppose -5*k = -0*j + 4*j - 452, -3*j = 2*k - 185. Let v = -50 + k. What is the units digit of v?
8
Suppose 4*o + j = 10096, 12 = 11*j - 14*j. What is the tens digit of o?
2
Let x be (-10)/2*4/(-5). Suppose -3*i + 330 = -7*a + x*a, 3*i = -3*a + 318. What is the units digit of i?
8
Suppose 3*z + 3*x = -0*x + 24, -4*x = -8. What is the units digit of (116/(-10))/(z/(-30))?
8
Suppose -54 + 19 = -5*r. Suppose 4*j + r = 27. What is the units digit of j?
5
Suppose -2*i - 5922 = -4*b, 11*b - 10*b + 2*i - 1473 = 0. What is the hundreds digit of b?
4
Let y(c) = c**3 + 13*c**2 + 15*c - 16. Let z be y(-11). Suppose -7*s - z = -8*s. What is the units digit of s?
1
Let t(v) = v**2 + v + 41. Let g be t(0). Let c = 69 - g. Suppose l - y = -5*y + c, 3*y = -3*l + 66. What is the units digit of l?
0
Let h(j) = -j**2 - 9*j - 4. Let l be h(-8). Suppose c - 46 = -l*k, 2*c = 5*k - 3*k + 52. Suppose c = t - 4*f, -t + 5*f = -3*t + 8. What is the tens digit of t?
1
Let c = -10 + 8. Let h be 22/(-4) + c/4. What is the units digit of (-75)/(-7) - h/21?
1
Let i(m) = m**3 - 4*m + 5. Let j be i(2). Let v be 497 - 5/j - -1. Suppose -6*u = 125 - v. What is the units digit of u?
2
Let i(t) = 35*t**3 - 8*t + 1. What is the hundreds digit of i(2)?
2
Let y(a) be the first derivative of 4*a**3 - a**2 - a + 3. What is the tens digit of y(-2)?
5
Let k(f) = f**2 - 2*f - 3. Let x be k(-2). Suppose x*n - 6*n + 2 = 0. What is the units digit of 26 - n - (-1 - -4)?
1
Suppose 7*f + 710 = 1515. What is the tens digit of f?
1
Let n = 787 + -529. What is the tens digit of n?
5
Suppose 0 = -68*u + 65*u + 1269. What is the hundreds digit of u?
4
Let i = 12 + -6. Let c be (-2)/i + (-140)/12. Let h = 15 + c. What is the units digit of h?
3
Suppose 19*y + 3321 = 8432. What is the tens digit of y?
6
Suppose m = -r - 4, 10*r + 20 = 5*r. Suppose t + m*p - 5*p = -7, -3*t - 2*p = -64. What is the tens digit of t?
1
What is the tens digit of ((-22)/44)/(2/(-988))?
4
Let r(q) = 24*q**2 + 9*q - 17. What is the units digit of r(4)?
3
Let l = -83 + 602. What is the tens digit of l?
1
Suppose 0 = -42*t + 47*t - 245. Let f = t - 5. What is the units digit of f?
4
Suppose -z + 5*z = 44. Let l(y) = y - 18. Let o(d) = -3*d + 53. Let x(t) = 17*l(t) + 6*o(t). What is the units digit of x(z)?
1
Let k(s) = -8*s + 5. Suppose -5*m + 8*v = 4*v - 23, 4 = 2*m + v. Suppose -4*u = -0*u + 4*h + 20, -m*u - 1 = -4*h. What is the units digit of k(u)?
9
Let y(i) = 9*i**2 - 3. Let q = -6 - -8. Let x be y(q). Let w = x + -21. What is the tens digit of w?
1
Suppose 3*g = -g + n + 9, 4*n = -g + 15. Suppose -6*l + 2*l - 31 = -g*o, -2*l = -4. What is the units digit of o?
3
Let y = 2839 - 886. What is the units digit of y?
3
Let b(c) = -2*c. Let j be b(-3). Let n be 48/40*20/j. Suppose -n*k - 89 = -221. What is the tens digit of k?
3
Suppose -5*c + w + 633 = 0, c + 2*w + 25 = 145. What is the tens digit of c?
2
Let d = -4315 - -7513. What is the units digit of d?
8
Let o = -1150 - -2836. What is the tens digit of o?
8
Let j = 3277 + 1534. What is the thousands digit of j?
4
Let t be 140/30 + (-1)/(-3). Suppose 30 = t*x + 15. Suppose x*c + 47 = -2*o + 3*o, 0 = -4*o - 5*c + 256. What is the tens digit of o?
5
Suppose -2*p = 4*c + 26 + 18, 3*p = -c - 51. Let r = -45 - p. Let y = r - -41. What is the tens digit of y?
1
Let x = -691 - -718. What is the units digit of x?
7
What is the units digit of (2 - 11406/(-27)) + 4/(-9)?
4
Suppose 5*g + 3*o + 528 = g, g + 119 = -4*o. Let h = 288 + g. What is the tens digit of h?
5
Let x be (-1)/(((-108)/104 - 1) + 2). Let h = x - 17. What is the units digit of h?
9
Let l(f) = -15*f - 5. Let m be l(5). What is the tens digit of ((-58)/(-8))/((-10)/m)?
5
What is the hundreds digit of (-248)/3*3/(-4)*6?
3
Let i = 548 - 9. What is the tens digit of i?
3
Let c = -16 + 6. Let g(p) = -p**3 - 11*p**2 - 10*p - 4. Let q be g(c). Let m(b) = b**2 + 4*b + 4. What is the units digit of m(q)?
4
Suppose 41*l - 42*l + 927 = 0. What is the hundreds digit of l?
9
Let t = 31 + 62. What is the tens digit of t?
9
Suppose -4*a - 5098 = -h, 0 = -5*h + 4*a + 33818 - 8280. What is the hundreds digit of h?
1
Suppose -w = 5*h - 385, h + 5*w + 103 = 2*h. Let j = h - 46. Suppose -2*y = 2*y - j. What is the units digit of y?
8
Suppose -k + 6*k - 175 = 0. Suppose 2*a = -3*s + 10 + 35, 5*s = -2*a + k. What is the tens digit of a?
3
Suppose -3*x = -4*v - 1, -3*v - 28 = 3*x - 1. Let t(y) = -y - 4. Let j(k) = 3*k + 3. Let q(f) = -5*j(f) - 4*t(f). What is the tens digit of q(v)?
4
Let h be (-1)/((-24)/(-30)) - (-1)/4. Let z = h - -137. What is the units digit of z?
6
Let q(w) = w**3 - w**2 + 9*w - 3. Let l be 6/(((-6)/(-12))/(2/6)). What is the tens digit of q(l)?
8
Suppose 8*m - 372 - 2220 = 0. What is the units digit of m?
4
Let y = 105 + -22. Let d = 140 - y. What is the units digit of d?
7
Suppose 0 = -109*j + 108*j + 1038. What is the thousands digit of j?
1
Let u(i) = i**2 + 8*i. Let h be u(-9). Let n(d) = -4*d + 5 + h*d - 10. What is the units digit of n(4)?
5
Suppose 28 = -3*k - k. Let d = k - -6. What is the units digit of 9 + -7 - (-37 + d)?
0
Let b be -3*1 + (-6 - -493). Suppose -3*j = -3*x - 327, 4*j + 2*x = -42 + b. What is the tens digit of j?
1
Suppose 0 = -3*y - y - 36. Let n = y - -11. Suppose -4*i = -3*o + 89, -o + n*i = 6*i - 35. What is the units digit of o?
1
What is the hundreds digit of (54/2)/((-69)/(-782))?
3
Let q = 26 - 21. Suppose -4*w = 2*g - 836, 3*w + 5*g + 442 = q*w. What is the units digit of w?
1
Suppose 64*m - 426 = 58*m. Suppose -2*l + 5 + 1 = 0. What is the units digit of (-1 + 4)/(l/m)?
1
Suppose 2*x = -3*i + 1144, 4*x - 31*i - 2286 = -36*i. What is the hundreds digit of x?
5
Suppose -1 = y - 3. Suppose -f = 5*u - 279, 96 - 2 = y*u - 4*f. What is the tens digit of u?
5
Let v = 962 - -1829. What is the hundreds digit of v?
7
Suppose -2*d + 16 = 2*d. Suppose 13*a - 64 = -3*a. Suppose -142 = -a*x + m, -4*x - 51 = d*m - 183. What is the units digit of x?
5
Let d(x) be the third derivative of 17*x**5/15 + x**3/6 - 4*x**2. What is the units digit of d(1)?
9
What is the hundreds digit of 4/18 + (-102486)/(-108)*4?
7
Suppose -5*i + 5*z = 2*z + 53, 5*z - 32 = 4*i. Let v = 18 + i. What is the units digit of v?
5
Suppose -8*j + 922 = -2014. What is the hundreds digit of j?
3
Let i be (-6)/(-9) + (1 - 1/(-3)). Suppose 2*u - 422 = -2*p, 0 = 4*p - 3*p + i*u - 214. What is the tens digit of p?
0
Suppose -4 = -2*l - 2*x, 0 = 3*l - 3*x - 6. Suppose l*g + 4*g - 24 = 0. What is the tens digit of (1 - (-44)/8)*g?
2
Let q = 97 - 97. Suppose -2*m = 2*m - 164. Suppose -5*f = 5*i - 255, -4*i = -q*f - f + m. What is the tens digit of f?
4
Suppose g + 2 = 3*r + 158, -r + 5 = 0. What is the tens digit of g?
7
Let b(q) = -529*q**3 - 4*q**2 - 3*q - 2. What is the hundreds digit of b(-1)?
5
Let r = -50 + 173. Suppose -3*z + 403 - r = -5*w, -5*z + 516 = 4*w. What is the hundreds digit of z?
1
Let d(c) = -48*c + 172. What is the tens digit of d(-28)?
1
Let h(l) = l**2 + 23. Let a(t) = -4*t**2 - 2*t + 4. Let i be a(2). What is the tens digit of h(i)?
7
Suppose -3*a + 0*a = -21. Suppose -5*o + 248 = -a. Let j = -36 + o. What is the units digit of j?
5
Suppose 4*b + 3*j = 5985, -145 = b - 5*j - 1670. What is the thousands digit of b?
1
Suppose g - 3*g - 14 = -4*r, 3*g = -3. Suppose -384 = -r*h - h. Suppose 4*x + 2*l - h = -2*l, 4*x = 2*l + 78. What is the tens digit of x?
2
Suppose 13*g + 751 = 5197. What is the units digit of g?
2
Suppose 4*u + 90 = -u. Let j = u + -15. Let i = 3 - j. What is the tens digit of i?
3
Suppose -2*m - 2 = -j, 4 = 4*j + 2*m - 14. Suppose 0 = -5*p - r + 1275, j*p + 4*r + 361 = 1365. What is the hundreds digit of p?
2
Suppose -176*w + 172*w + 6584 = 0. What is the units digit of w?
6
Let b = 2195 + -2064. What is the tens digit of b?
3
What is the hundreds digit of 22*